{"id":5,"date":"2015-02-11T10:06:51","date_gmt":"2015-02-11T10:06:51","guid":{"rendered":"http:\/\/freesouldd.wordpress.com\/?page_id=1"},"modified":"2026-04-15T19:28:45","modified_gmt":"2026-04-15T19:28:45","slug":"eine-seite","status":"publish","type":"page","link":"http:\/\/be-your-self.de\/?page_id=5","title":{"rendered":"Yoga"},"content":{"rendered":"<h3 style=\"text-align: center;\"><span style=\"font-size: 16px; line-height: 1.5;\"><a href=\"http:\/\/be-your-self.de\/wp-content\/uploads\/2026\/03\/Black-and-White-Modern-Art-Festival-Poster3.png\"><img loading=\"lazy\" decoding=\"async\" class=\"wp-image-11169 aligncenter\" src=\"http:\/\/be-your-self.de\/wp-content\/uploads\/2026\/03\/Black-and-White-Modern-Art-Festival-Poster3.png\" alt=\"\" width=\"496\" height=\"701\" srcset=\"http:\/\/be-your-self.de\/wp-content\/uploads\/2026\/03\/Black-and-White-Modern-Art-Festival-Poster3.png 1414w, http:\/\/be-your-self.de\/wp-content\/uploads\/2026\/03\/Black-and-White-Modern-Art-Festival-Poster3-212x300.png 212w, http:\/\/be-your-self.de\/wp-content\/uploads\/2026\/03\/Black-and-White-Modern-Art-Festival-Poster3-724x1024.png 724w, http:\/\/be-your-self.de\/wp-content\/uploads\/2026\/03\/Black-and-White-Modern-Art-Festival-Poster3-768x1086.png 768w, http:\/\/be-your-self.de\/wp-content\/uploads\/2026\/03\/Black-and-White-Modern-Art-Festival-Poster3-1086x1536.png 1086w\" sizes=\"auto, (max-width: 496px) 100vw, 496px\" \/><\/a><\/span><\/h3>\n<p style=\"text-align: center;\"><strong>NEUER KURS:<\/strong><\/p>\n<p style=\"text-align: center;\">Montags 19-20:30 &#8211; Tanzsaal \/ Altleubnitz 11 &#8211; Dresden<\/p>\n<p style=\"text-align: center;\">Dienstags 19-20:30 &#8211; im Emmers \/ B\u00fcrgerstrasse 68 &#8211; Dresden<\/p>\n<div>&#8212;&#8212;&#8212;&#8212;&#8212;&#8212;&#8212;&#8212;&#8212;&#8212;&#8212;&#8212;&#8212;&#8212;&#8212;&#8212;&#8212;&#8212;&#8212;&#8212;&#8212;&#8212;&#8212;&#8212;&#8212;&#8212;&#8212;&#8212;&#8212;&#8212;&#8212;&#8212;&#8212;&#8212;&#8212;&#8212;&#8212;&#8212;&#8211;<\/div>\n<p style=\"text-align: center;\"><strong><i>&#8222;M<\/i><i>\u00f6chtest Du Dich wohl in Deinem K\u00f6rper f\u00fchlen &#8211; den Geist zur Ruhe bringen und\u00a0 Deinen wahren Wesenskern tiefer ergr\u00fcnden?&#8220;<\/i><\/strong><\/p>\n<p><a href=\"http:\/\/be-your-self.de\/wp-content\/uploads\/2015\/02\/Foto-29.08.21_-13-11-39.jpg\"><img loading=\"lazy\" decoding=\"async\" class=\"wp-image-6358 size-full\" src=\"http:\/\/be-your-self.de\/wp-content\/uploads\/2015\/02\/Foto-29.08.21_-13-11-39.jpg\" alt=\"\" width=\"3024\" height=\"4032\" srcset=\"http:\/\/be-your-self.de\/wp-content\/uploads\/2015\/02\/Foto-29.08.21_-13-11-39.jpg 3024w, http:\/\/be-your-self.de\/wp-content\/uploads\/2015\/02\/Foto-29.08.21_-13-11-39-225x300.jpg 225w, http:\/\/be-your-self.de\/wp-content\/uploads\/2015\/02\/Foto-29.08.21_-13-11-39-768x1024.jpg 768w, http:\/\/be-your-self.de\/wp-content\/uploads\/2015\/02\/Foto-29.08.21_-13-11-39-800x1067.jpg 800w\" sizes=\"auto, (max-width: 3024px) 100vw, 3024px\" \/><\/a><\/p>\n<p style=\"text-align: center;\"><em>&#8222;Yoga sorgt f\u00fcr Ausgeglichenheit &amp; l\u00e4sst mich stabil durch das Weltgeschehen surfen&#8220;\u00a0<\/em><\/p>\n<p style=\"text-align: center;\"><strong>Eintauchen in das wahre Selbst&#8230; <\/strong>ganz im Sinne einer nachhaltigen, transformativen und freudvollen \u00dcbungspraxis. Es liegt es in meiner Bestimmung, die zeitlosen Methoden des Yoga weiterzugeben. Ich unterrichte Ashtanga &#8211; Gitananda Hatha Yoga. Hierbei erg\u00e4nzen sich Kraft und Flexibilit\u00e4t ausgewogen miteinander. Diese mit dem Atem verbundene Praxis f\u00fchrt Dich in einen meditativen Fluss. Dank Yoga entdeckte ich selbst einen neuen Zugang zu meinem K\u00f6rper, lernte mich ihm mehr anzuvertrauen und mit dessen Impulsgebungen achtsamer zu sein. Yoga ist ein gesundheitsf\u00f6rdernder Weg der Demut und Hingabe und hat seinen Ursprung in Indien, was bedeutet &#8220; seinen Sitz im Leben einzunehmen&#8220;. Yoga beseelt und trainiert den gesamten Leib, f\u00fchrt uns in den Genuss des puren Seins hinein.<\/p>\n<p style=\"text-align: center;\"><em><strong>Vorbeugen, Drehungen, <\/strong><strong>Stimmentfaltung <\/strong><strong>&#8211; <\/strong><\/em><em><strong>Was braucht es f\u00fcr Deine Durchl\u00e4ssigkeit?<\/strong><\/em><\/p>\n<p style=\"text-align: center;\">Erste Anzeichen wie \u201cR\u00fccken oder Schulter\u201d, sind deutliche Signale welche darauf hinweisen, bewusster mit sich selbst umzugehen. Ich werde Dir praktische \u00dcbungen vermitteln, welche Du im Alltag anwenden kannst, um Dein Nervensystem sowohl zu stabilisieren, als auch anzukurbeln ( :<\/p>\n<p style=\"text-align: center;\"><strong><em>&#8222;Yoga tut mir einfach gut, ist Ressource und zuverl\u00e4ssiger Begleiter f\u00fcr mich.&#8220;<\/em><a href=\"http:\/\/be-your-self.de\/wp-content\/uploads\/2015\/02\/Mudras.jpg\"><img loading=\"lazy\" decoding=\"async\" class=\"alignright size-full wp-image-6365\" src=\"http:\/\/be-your-self.de\/wp-content\/uploads\/2015\/02\/Mudras.jpg\" alt=\"\" width=\"3072\" height=\"3072\" srcset=\"http:\/\/be-your-self.de\/wp-content\/uploads\/2015\/02\/Mudras.jpg 3072w, http:\/\/be-your-self.de\/wp-content\/uploads\/2015\/02\/Mudras-150x150.jpg 150w, http:\/\/be-your-self.de\/wp-content\/uploads\/2015\/02\/Mudras-300x300.jpg 300w, http:\/\/be-your-self.de\/wp-content\/uploads\/2015\/02\/Mudras-768x768.jpg 768w, http:\/\/be-your-self.de\/wp-content\/uploads\/2015\/02\/Mudras-1024x1024.jpg 1024w, http:\/\/be-your-self.de\/wp-content\/uploads\/2015\/02\/Mudras-800x800.jpg 800w\" sizes=\"auto, (max-width: 3072px) 100vw, 3072px\" \/><\/a><\/strong><\/p>\n<p style=\"text-align: center;\"><strong><em>&#8222;Ich w\u00fcnsche mir das Alle Menschen Freude in ihrem Herzen tragen <\/em><\/strong><strong><em>und <\/em><em>halte uns liebevoll den Raum.&#8220;<\/em><\/strong><\/p>\n<p style=\"text-align: center;\">Yoga f\u00f6rdert die Willensst\u00e4rke, dient der pers\u00f6nlichen Ausrichtung und h\u00e4lt uns in der Mitte. Yoga unterst\u00fctzt unsere Verwurzellung, tr\u00e4gt zur feinerer Wahrnehmung und Freiheit auf allen Ebenen bei.<\/p>\n<p style=\"text-align: center;\"><strong>Ich freue mich auf uns <\/strong><strong>im Herzraumkontakt&#8230;<\/strong><\/p>\n<p style=\"text-align: center;\"><strong>Namaste &#8211; <\/strong><strong>Ich\u00a0<\/strong><strong>gr\u00fc\u00dfe das Licht in Dir!<\/strong><\/p>\n<p style=\"text-align: center;\">(Weitere Stile: Tibetan Lu Jong &#8211; Qi Gong Movements&#8230;)<\/p>\n<p style=\"text-align: center;\">&#8212;&#8212;&#8212;&#8212;&#8212;&#8212;&#8212;&#8212;&#8212;&#8212;&#8212;&#8212;&#8212;&#8212;&#8212;&#8212;&#8212;&#8212;&#8212;&#8212;&#8212;&#8212;&#8212;&#8212;&#8212;&#8212;&#8212;&#8212;&#8212;&#8212;&#8212;&#8212;&#8212;&#8212;&#8212;&#8212;&#8212;&#8212;&#8211;<\/p>\n<p><a href=\"http:\/\/be-your-self.de\/wp-content\/uploads\/2015\/02\/header-embodiment.jpg\"><img loading=\"lazy\" decoding=\"async\" class=\"alignright size-full wp-image-6646\" src=\"http:\/\/be-your-self.de\/wp-content\/uploads\/2015\/02\/header-embodiment.jpg\" alt=\"\" width=\"1100\" height=\"585\" srcset=\"http:\/\/be-your-self.de\/wp-content\/uploads\/2015\/02\/header-embodiment.jpg 1100w, http:\/\/be-your-self.de\/wp-content\/uploads\/2015\/02\/header-embodiment-300x160.jpg 300w, http:\/\/be-your-self.de\/wp-content\/uploads\/2015\/02\/header-embodiment-768x408.jpg 768w, http:\/\/be-your-self.de\/wp-content\/uploads\/2015\/02\/header-embodiment-1024x545.jpg 1024w\" sizes=\"auto, (max-width: 1100px) 100vw, 1100px\" \/><\/a><\/p>\n<div style=\"text-align: center;\">\n<p>&nbsp;<\/p>\n<p><strong><em>Bist Du bereit f\u00fcr positive Ver\u00e4nderung &#8211; Mut zur Anzuerkennung und R\u00fcckkehr zur Liebe &#8211; einfach das zu tun was Dir gut tut<\/em><\/strong><strong><em> &#8211; d<\/em><\/strong><strong><em>ankbare Sch\u00f6pfer\/in Deines Lebens zu sein?<\/em><\/strong><\/p>\n<p>Tilman Freeman &#8211; Kontakt: 0162 6136633<\/p>\n<\/div>\n","protected":false},"excerpt":{"rendered":"<p>NEUER KURS: Montags 19-20:30 &#8211; Tanzsaal \/ Altleubnitz 11 &#8211; Dresden Dienstags 19-20:30 &#8211; im Emmers \/ B\u00fcrgerstrasse 68 &#8211; Dresden &#8212;&#8212;&#8212;&#8212;&#8212;&#8212;&#8212;&#8212;&#8212;&#8212;&#8212;&#8212;&#8212;&#8212;&#8212;&#8212;&#8212;&#8212;&#8212;&#8212;&#8212;&#8212;&#8212;&#8212;&#8212;&#8212;&#8212;&#8212;&#8212;&#8212;&#8212;&#8212;&#8212;&#8212;&#8212;&#8212;&#8212;&#8212;&#8211; &#8222;M\u00f6chtest Du Dich wohl in Deinem K\u00f6rper f\u00fchlen &#8211; den Geist zur Ruhe bringen und\u00a0 Deinen wahren Wesenskern tiefer ergr\u00fcnden?&#8220; &#8222;Yoga sorgt f\u00fcr Ausgeglichenheit &amp; l\u00e4sst mich stabil durch das Weltgeschehen surfen&#8220;\u00a0 Eintauchen [&hellip;]<\/p>\n","protected":false},"author":2,"featured_media":0,"parent":0,"menu_order":1,"comment_status":"closed","ping_status":"closed","template":"","meta":{"footnotes":""},"class_list":["post-5","page","type-page","status-publish","hentry"],"_links":{"self":[{"href":"http:\/\/be-your-self.de\/index.php?rest_route=\/wp\/v2\/pages\/5","targetHints":{"allow":["GET"]}}],"collection":[{"href":"http:\/\/be-your-self.de\/index.php?rest_route=\/wp\/v2\/pages"}],"about":[{"href":"http:\/\/be-your-self.de\/index.php?rest_route=\/wp\/v2\/types\/page"}],"author":[{"embeddable":true,"href":"http:\/\/be-your-self.de\/index.php?rest_route=\/wp\/v2\/users\/2"}],"replies":[{"embeddable":true,"href":"http:\/\/be-your-self.de\/index.php?rest_route=%2Fwp%2Fv2%2Fcomments&post=5"}],"version-history":[{"count":607,"href":"http:\/\/be-your-self.de\/index.php?rest_route=\/wp\/v2\/pages\/5\/revisions"}],"predecessor-version":[{"id":11241,"href":"http:\/\/be-your-self.de\/index.php?rest_route=\/wp\/v2\/pages\/5\/revisions\/11241"}],"wp:attachment":[{"href":"http:\/\/be-your-self.de\/index.php?rest_route=%2Fwp%2Fv2%2Fmedia&parent=5"}],"curies":[{"name":"wp","href":"https:\/\/api.w.org\/{rel}","templated":true}]}}

<h3 style="text-align: center;"><span style="font-size: 16px; line-height: 1.5;"><a href="http://be-your-self.de/wp-content/uploads/2026/03/Black-and-White-Modern-Art-Festival-Poster3.png"><img loading="lazy" decoding="async" class="wp-image-11169 aligncenter" src="http://be-your-self.de/wp-content/uploads/2026/03/Black-and-White-Modern-Art-Festival-Poster3.png" alt="" width="496" height="701" srcset="http://be-your-self.de/wp-content/uploads/2026/03/Black-and-White-Modern-Art-Festival-Poster3.png 1414w, http://be-your-self.de/wp-content/uploads/2026/03/Black-and-White-Modern-Art-Festival-Poster3-212x300.png 212w, http://be-your-self.de/wp-content/uploads/2026/03/Black-and-White-Modern-Art-Festival-Poster3-724x1024.png 724w, http://be-your-self.de/wp-content/uploads/2026/03/Black-and-White-Modern-Art-Festival-Poster3-768x1086.png 768w, http://be-your-self.de/wp-content/uploads/2026/03/Black-and-White-Modern-Art-Festival-Poster3-1086x1536.png 1086w" sizes="auto, (max-width: 496px) 100vw, 496px" /></a></span></h3>
<p style="text-align: center;"><strong>NEUER KURS:</strong></p>
<p style="text-align: center;">Montags 19-20:30 &#8211; Tanzsaal / Altleubnitz 11 &#8211; Dresden</p>
<p style="text-align: center;">Dienstags 19-20:30 &#8211; im Emmers / Bürgerstrasse 68 &#8211; Dresden</p>
<div>&#8212;&#8212;&#8212;&#8212;&#8212;&#8212;&#8212;&#8212;&#8212;&#8212;&#8212;&#8212;&#8212;&#8212;&#8212;&#8212;&#8212;&#8212;&#8212;&#8212;&#8212;&#8212;&#8212;&#8212;&#8212;&#8212;&#8212;&#8212;&#8212;&#8212;&#8212;&#8212;&#8212;&#8212;&#8212;&#8212;&#8212;&#8212;&#8211;</div>
<p style="text-align: center;"><strong><i>&#8222;M</i><i>öchtest Du Dich wohl in Deinem Körper fühlen &#8211; den Geist zur Ruhe bringen und  Deinen wahren Wesenskern tiefer ergründen?&#8220;</i></strong></p>
<p><a href="http://be-your-self.de/wp-content/uploads/2015/02/Foto-29.08.21_-13-11-39.jpg"><img loading="lazy" decoding="async" class="wp-image-6358 size-full" src="http://be-your-self.de/wp-content/uploads/2015/02/Foto-29.08.21_-13-11-39.jpg" alt="" width="3024" height="4032" srcset="http://be-your-self.de/wp-content/uploads/2015/02/Foto-29.08.21_-13-11-39.jpg 3024w, http://be-your-self.de/wp-content/uploads/2015/02/Foto-29.08.21_-13-11-39-225x300.jpg 225w, http://be-your-self.de/wp-content/uploads/2015/02/Foto-29.08.21_-13-11-39-768x1024.jpg 768w, http://be-your-self.de/wp-content/uploads/2015/02/Foto-29.08.21_-13-11-39-800x1067.jpg 800w" sizes="auto, (max-width: 3024px) 100vw, 3024px" /></a></p>
<p style="text-align: center;"><em>&#8222;Yoga sorgt für Ausgeglichenheit &amp; lässt mich stabil durch das Weltgeschehen surfen&#8220; </em></p>
<p style="text-align: center;"><strong>Eintauchen in das wahre Selbst&#8230; </strong>ganz im Sinne einer nachhaltigen, transformativen und freudvollen Übungspraxis. Es liegt es in meiner Bestimmung, die zeitlosen Methoden des Yoga weiterzugeben. Ich unterrichte Ashtanga &#8211; Gitananda Hatha Yoga. Hierbei ergänzen sich Kraft und Flexibilität ausgewogen miteinander. Diese mit dem Atem verbundene Praxis führt Dich in einen meditativen Fluss. Dank Yoga entdeckte ich selbst einen neuen Zugang zu meinem Körper, lernte mich ihm mehr anzuvertrauen und mit dessen Impulsgebungen achtsamer zu sein. Yoga ist ein gesundheitsfördernder Weg der Demut und Hingabe und hat seinen Ursprung in Indien, was bedeutet &#8220; seinen Sitz im Leben einzunehmen&#8220;. Yoga beseelt und trainiert den gesamten Leib, führt uns in den Genuss des puren Seins hinein.</p>
<p style="text-align: center;"><em><strong>Vorbeugen, Drehungen, </strong><strong>Stimmentfaltung </strong><strong>&#8211; </strong></em><em><strong>Was braucht es für Deine Durchlässigkeit?</strong></em></p>
<p style="text-align: center;">Erste Anzeichen wie “Rücken oder Schulter”, sind deutliche Signale welche darauf hinweisen, bewusster mit sich selbst umzugehen. Ich werde Dir praktische Übungen vermitteln, welche Du im Alltag anwenden kannst, um Dein Nervensystem sowohl zu stabilisieren, als auch anzukurbeln ( :</p>
<p style="text-align: center;"><strong><em>&#8222;Yoga tut mir einfach gut, ist Ressource und zuverlässiger Begleiter für mich.&#8220;</em><a href="http://be-your-self.de/wp-content/uploads/2015/02/Mudras.jpg"><img loading="lazy" decoding="async" class="alignright size-full wp-image-6365" src="http://be-your-self.de/wp-content/uploads/2015/02/Mudras.jpg" alt="" width="3072" height="3072" srcset="http://be-your-self.de/wp-content/uploads/2015/02/Mudras.jpg 3072w, http://be-your-self.de/wp-content/uploads/2015/02/Mudras-150x150.jpg 150w, http://be-your-self.de/wp-content/uploads/2015/02/Mudras-300x300.jpg 300w, http://be-your-self.de/wp-content/uploads/2015/02/Mudras-768x768.jpg 768w, http://be-your-self.de/wp-content/uploads/2015/02/Mudras-1024x1024.jpg 1024w, http://be-your-self.de/wp-content/uploads/2015/02/Mudras-800x800.jpg 800w" sizes="auto, (max-width: 3072px) 100vw, 3072px" /></a></strong></p>
<p style="text-align: center;"><strong><em>&#8222;Ich wünsche mir das Alle Menschen Freude in ihrem Herzen tragen </em></strong><strong><em>und </em><em>halte uns liebevoll den Raum.&#8220;</em></strong></p>
<p style="text-align: center;">Yoga fördert die Willensstärke, dient der persönlichen Ausrichtung und hält uns in der Mitte. Yoga unterstützt unsere Verwurzellung, trägt zur feinerer Wahrnehmung und Freiheit auf allen Ebenen bei.</p>
<p style="text-align: center;"><strong>Ich freue mich auf uns </strong><strong>im Herzraumkontakt&#8230;</strong></p>
<p style="text-align: center;"><strong>Namaste &#8211; </strong><strong>Ich </strong><strong>grüße das Licht in Dir!</strong></p>
<p style="text-align: center;">(Weitere Stile: Tibetan Lu Jong &#8211; Qi Gong Movements&#8230;)</p>
<p style="text-align: center;">&#8212;&#8212;&#8212;&#8212;&#8212;&#8212;&#8212;&#8212;&#8212;&#8212;&#8212;&#8212;&#8212;&#8212;&#8212;&#8212;&#8212;&#8212;&#8212;&#8212;&#8212;&#8212;&#8212;&#8212;&#8212;&#8212;&#8212;&#8212;&#8212;&#8212;&#8212;&#8212;&#8212;&#8212;&#8212;&#8212;&#8212;&#8212;&#8211;</p>
<p><a href="http://be-your-self.de/wp-content/uploads/2015/02/header-embodiment.jpg"><img loading="lazy" decoding="async" class="alignright size-full wp-image-6646" src="http://be-your-self.de/wp-content/uploads/2015/02/header-embodiment.jpg" alt="" width="1100" height="585" srcset="http://be-your-self.de/wp-content/uploads/2015/02/header-embodiment.jpg 1100w, http://be-your-self.de/wp-content/uploads/2015/02/header-embodiment-300x160.jpg 300w, http://be-your-self.de/wp-content/uploads/2015/02/header-embodiment-768x408.jpg 768w, http://be-your-self.de/wp-content/uploads/2015/02/header-embodiment-1024x545.jpg 1024w" sizes="auto, (max-width: 1100px) 100vw, 1100px" /></a></p>
<div style="text-align: center;">
<p>&nbsp;</p>
<p><strong><em>Bist Du bereit für positive Veränderung &#8211; Mut zur Anzuerkennung und Rückkehr zur Liebe &#8211; einfach das zu tun was Dir gut tut</em></strong><strong><em> &#8211; d</em></strong><strong><em>ankbare Schöpfer/in Deines Lebens zu sein?</em></strong></p>
<p>Tilman Freeman &#8211; Kontakt: 0162 6136633</p>
</div>

<p>NEUER KURS: Montags 19-20:30 &#8211; Tanzsaal / Altleubnitz 11 &#8211; Dresden Dienstags 19-20:30 &#8211; im Emmers / Bürgerstrasse 68 &#8211; Dresden &#8212;&#8212;&#8212;&#8212;&#8212;&#8212;&#8212;&#8212;&#8212;&#8212;&#8212;&#8212;&#8212;&#8212;&#8212;&#8212;&#8212;&#8212;&#8212;&#8212;&#8212;&#8212;&#8212;&#8212;&#8212;&#8212;&#8212;&#8212;&#8212;&#8212;&#8212;&#8212;&#8212;&#8212;&#8212;&#8212;&#8212;&#8212;&#8211; &#8222;Möchtest Du Dich wohl in Deinem Körper fühlen &#8211; den Geist zur Ruhe bringen und  Deinen wahren Wesenskern tiefer ergründen?&#8220; &#8222;Yoga sorgt für Ausgeglichenheit &amp; lässt mich stabil durch das Weltgeschehen surfen&#8220;  Eintauchen [&hellip;]</p>
